{"id":24,"date":"2023-06-20T13:55:29","date_gmt":"2023-06-20T11:55:29","guid":{"rendered":"https:\/\/test.ppbch.cz\/?page_id=24"},"modified":"2024-12-15T14:00:26","modified_gmt":"2024-12-15T13:00:26","slug":"izzy","status":"publish","type":"page","link":"https:\/\/www.ppbch.cz\/index.php\/izzy\/","title":{"rendered":"Izzy"},"content":{"rendered":"\n<figure class=\"wp-block-image size-full\"><img loading=\"lazy\" decoding=\"async\" width=\"778\" height=\"519\" src=\"https:\/\/www.ppbch.cz\/wp-content\/uploads\/2024\/12\/izzy2024.jpg\" alt=\"\" class=\"wp-image-94\" srcset=\"https:\/\/www.ppbch.cz\/wp-content\/uploads\/2024\/12\/izzy2024.jpg 778w, https:\/\/www.ppbch.cz\/wp-content\/uploads\/2024\/12\/izzy2024-300x200.jpg 300w, https:\/\/www.ppbch.cz\/wp-content\/uploads\/2024\/12\/izzy2024-768x512.jpg 768w\" sizes=\"auto, (max-width: 778px) 100vw, 778px\" \/><\/figure>\n\n\n\n<p><strong>C.I.B. Im-chi od Vilzonky<\/strong><\/p>\n\n\n\n<p>Narodil jsem se 19.1.2022 \u00fa\u017easn\u00e9 mamince <a href=\"http:\/\/www.tibetan-terrier.ru\/dog.php?screen=1&amp;userif=1&amp;id=2499\" target=\"_blank\" rel=\"noreferrer noopener\">O-Yo Sunayana od Vilzonky<\/a>. M\u016fj tat\u00ednek Drakzing&#8217;s Designer poch\u00e1z\u00ed ze \u0160v\u00e9dska a \u017eije v Ma\u010farsku.<\/p>\n\n\n\n<div class=\"wp-block-group is-content-justification-right is-nowrap is-layout-flex wp-container-core-group-is-layout-3730b9a9 wp-block-group-is-layout-flex\">\n<p>S pani\u010dkou jezd\u00edm \u010dasto na v\u00fdstavy a jako dosp\u011bl\u00e1kovi se mi poda\u0159ilo z\u00edskat tituly:<br>C.I.B. &#8211; Mezin\u00e1rodn\u00ed \u0161ampion kr\u00e1sy<br>Grand\u0161ampion \u010ceska<br>\u0160ampion Francie, Chorvatska, Lucemburska, Ma\u010farska, N\u011bmecka, Polska, Rakouska, Rumunska, Slovenska, Slovinska a \u0160v\u00fdcarska<br>Klubov\u00fd \u0161ampion TTC CZ<br>Alpen Champion<br>\u0160ampion \u010cMKU<\/p>\n\n\n\n<figure class=\"wp-block-image size-full\"><img loading=\"lazy\" decoding=\"async\" width=\"634\" height=\"470\" src=\"https:\/\/www.ppbch.cz\/wp-content\/uploads\/2024\/12\/map_champ.png\" alt=\"\" class=\"wp-image-106\" srcset=\"https:\/\/www.ppbch.cz\/wp-content\/uploads\/2024\/12\/map_champ.png 634w, https:\/\/www.ppbch.cz\/wp-content\/uploads\/2024\/12\/map_champ-300x222.png 300w\" sizes=\"auto, (max-width: 634px) 100vw, 634px\" \/><\/figure>\n<\/div>\n\n\n\n<p>Kdy\u017e jsem byl je\u0161t\u011b \u0161t\u011bn\u011b a mlad\u00fd pejsek, z\u00edskal jsem tituly:<br>C.I.B.-J. &#8211; mezin\u00e1rodn\u00ed \u0161ampion kr\u00e1sy mlad\u00fdch<br>\u010cesk\u00fd junior \u0161ampion<br>Polsk\u00fd junior \u0161ampion<br>Slovensk\u00fd junior \u0161ampion<br>Klubov\u00fd \u0161ampion mlad\u00fdch &#8211; KTP SK<br>Slovensk\u00fd \u0161ampion \u0161t\u011b\u0148at<\/p>\n\n\n\n<p>Vyhr\u00e1l jsem tak\u00e9 ro\u010dn\u00ed bodovac\u00ed sout\u011b\u017ee v \u010cesku a na Slovensku:<br>V\u00edt\u011bz roku 2023 &#8211; TTC CZ<br>Pes a suka roka 2023 &#8211; zahrani\u010dn\u00ed \u010dlen &#8211; KTP SK<\/p>\n\n\n\n<p>Od 23.7.2023 jsem chovn\u00fd a ji\u017e jsem se stal hrd\u00fdm tat\u00ednkem prvn\u00edch \u0161t\u011b\u0148\u00e1tek.<\/p>\n\n\n\n<p>Jsem vysok\u00fd 40,5 cm, dlouh\u00fd 41,5 cm, m\u00e1m v\u0161echny zoubky a obr\u00e1cen\u00fd n\u016f\u017ekov\u00fd skus (ten my tibe\u0165\u00e1ci m\u00e1me ve standardu) a proto m\u00e1m tak hezk\u00fd \u010dum\u00e1\u010dek.<\/p>\n\n\n\n<p>M\u00e1m za sebou spoustu zdravotn\u00edch vy\u0161et\u0159en\u00ed, aby nev\u011bsty vid\u011bly, \u017ee jsem zdrav\u00fd pejsek:<br>HD Dysplasie ky\u010deln\u00edch kloub\u016f &#8211; A<br>PLL Prim\u00e1rn\u00ed luxace \u010do\u010dky &#8211; carrier (beru pouze nev\u011bsty s PLL clear \ud83d\ude42 )<br>NCL\/CCL Neuron\u00e1ln\u00ed ceroidn\u00ed lipofuscin\u00f3za &#8211; clear<br>a dal\u0161\u00ed nepovinn\u00e1 vy\u0161et\u0159en\u00ed<br>PL Luxace \u010d\u00e9\u0161ky (patelly) &#8211; 0\/0<br>ED Dysplazie loketn\u00edch kloub\u016f &#8211; 0\/0<br>OCD Osteochondr\u00f3za ramen &#8211; clear\/clear<br>PRA3 Progresivn\u00ed retin\u00e1ln\u00ed atrofie TT &#8211; clear<br>PRA-RCD4 Progresivn\u00ed retin\u00e1ln\u00ed atrofie typ 4 &#8211; clear<br>PRA-PRCD Progresivn\u00ed retin\u00e1ln\u00ed atrofie &#8211; clear<br>DM Degenerativn\u00ed myelopatie &#8211; clear<br>PD Hypofyz\u00e1rn\u00ed dwarfismus &#8211; clear<br>Lokus B &#8211; nenesu vlohu pro hn\u011bdou barvu, tak\u017ee \u0161t\u011b\u0148\u00e1tka po m\u011b nebudou hn\u011bd\u00e1<\/p>\n\n\n\n<p>Na webu na\u0161eho klubu (Tibetan Terrier Club \u010cesk\u00e9 republiky) m\u00e1m tak\u00e9 svoji <a href=\"https:\/\/www.ttc-cz.com\/products\/im-chi-od-vilzonky\/\" target=\"_blank\" rel=\"noreferrer noopener\">str\u00e1nku<\/a>.<\/p>\n","protected":false},"excerpt":{"rendered":"<p>C.I.B. Im-chi od Vilzonky Narodil jsem se 19.1.2022 \u00fa\u017easn\u00e9 mamince O-Yo Sunayana od Vilzonky. M\u016fj tat\u00ednek Drakzing&#8217;s Designer poch\u00e1z\u00ed ze \u0160v\u00e9dska a \u017eije v Ma\u010farsku. S pani\u010dkou jezd\u00edm \u010dasto na v\u00fdstavy a jako dosp\u011bl\u00e1kovi se mi poda\u0159ilo z\u00edskat tituly:C.I.B. &#8211; Mezin\u00e1rodn\u00ed \u0161ampion kr\u00e1syGrand\u0161ampion \u010ceska\u0160ampion Francie, Chorvatska, Lucemburska, Ma\u010farska, N\u011bmecka, Polska, Rakouska, Rumunska, Slovenska, Slovinska a [&hellip;]<\/p>\n","protected":false},"author":1,"featured_media":0,"parent":0,"menu_order":0,"comment_status":"closed","ping_status":"closed","template":"","meta":{"footnotes":""},"class_list":["post-24","page","type-page","status-publish","hentry"],"_links":{"self":[{"href":"https:\/\/www.ppbch.cz\/index.php\/wp-json\/wp\/v2\/pages\/24","targetHints":{"allow":["GET"]}}],"collection":[{"href":"https:\/\/www.ppbch.cz\/index.php\/wp-json\/wp\/v2\/pages"}],"about":[{"href":"https:\/\/www.ppbch.cz\/index.php\/wp-json\/wp\/v2\/types\/page"}],"author":[{"embeddable":true,"href":"https:\/\/www.ppbch.cz\/index.php\/wp-json\/wp\/v2\/users\/1"}],"replies":[{"embeddable":true,"href":"https:\/\/www.ppbch.cz\/index.php\/wp-json\/wp\/v2\/comments?post=24"}],"version-history":[{"count":16,"href":"https:\/\/www.ppbch.cz\/index.php\/wp-json\/wp\/v2\/pages\/24\/revisions"}],"predecessor-version":[{"id":108,"href":"https:\/\/www.ppbch.cz\/index.php\/wp-json\/wp\/v2\/pages\/24\/revisions\/108"}],"wp:attachment":[{"href":"https:\/\/www.ppbch.cz\/index.php\/wp-json\/wp\/v2\/media?parent=24"}],"curies":[{"name":"wp","href":"https:\/\/api.w.org\/{rel}","templated":true}]}}

<figure class="wp-block-image size-full"><img loading="lazy" decoding="async" width="778" height="519" src="https://www.ppbch.cz/wp-content/uploads/2024/12/izzy2024.jpg" alt="" class="wp-image-94" srcset="https://www.ppbch.cz/wp-content/uploads/2024/12/izzy2024.jpg 778w, https://www.ppbch.cz/wp-content/uploads/2024/12/izzy2024-300x200.jpg 300w, https://www.ppbch.cz/wp-content/uploads/2024/12/izzy2024-768x512.jpg 768w" sizes="auto, (max-width: 778px) 100vw, 778px" /></figure>



<p><strong>C.I.B. Im-chi od Vilzonky</strong></p>



<p>Narodil jsem se 19.1.2022 úžasné mamince <a href="http://www.tibetan-terrier.ru/dog.php?screen=1&amp;userif=1&amp;id=2499" target="_blank" rel="noreferrer noopener">O-Yo Sunayana od Vilzonky</a>. Můj tatínek Drakzing&#8217;s Designer pochází ze Švédska a žije v Maďarsku.</p>



<div class="wp-block-group is-content-justification-right is-nowrap is-layout-flex wp-container-core-group-is-layout-3730b9a9 wp-block-group-is-layout-flex">
<p>S paničkou jezdím často na výstavy a jako dospělákovi se mi podařilo získat tituly:<br>C.I.B. &#8211; Mezinárodní šampion krásy<br>Grandšampion Česka<br>Šampion Francie, Chorvatska, Lucemburska, Maďarska, Německa, Polska, Rakouska, Rumunska, Slovenska, Slovinska a Švýcarska<br>Klubový šampion TTC CZ<br>Alpen Champion<br>Šampion ČMKU</p>



<figure class="wp-block-image size-full"><img loading="lazy" decoding="async" width="634" height="470" src="https://www.ppbch.cz/wp-content/uploads/2024/12/map_champ.png" alt="" class="wp-image-106" srcset="https://www.ppbch.cz/wp-content/uploads/2024/12/map_champ.png 634w, https://www.ppbch.cz/wp-content/uploads/2024/12/map_champ-300x222.png 300w" sizes="auto, (max-width: 634px) 100vw, 634px" /></figure>
</div>



<p>Když jsem byl ještě štěně a mladý pejsek, získal jsem tituly:<br>C.I.B.-J. &#8211; mezinárodní šampion krásy mladých<br>Český junior šampion<br>Polský junior šampion<br>Slovenský junior šampion<br>Klubový šampion mladých &#8211; KTP SK<br>Slovenský šampion štěňat</p>



<p>Vyhrál jsem také roční bodovací soutěže v Česku a na Slovensku:<br>Vítěz roku 2023 &#8211; TTC CZ<br>Pes a suka roka 2023 &#8211; zahraniční člen &#8211; KTP SK</p>



<p>Od 23.7.2023 jsem chovný a již jsem se stal hrdým tatínkem prvních štěňátek.</p>



<p>Jsem vysoký 40,5 cm, dlouhý 41,5 cm, mám všechny zoubky a obrácený nůžkový skus (ten my tibeťáci máme ve standardu) a proto mám tak hezký čumáček.</p>



<p>Mám za sebou spoustu zdravotních vyšetření, aby nevěsty viděly, že jsem zdravý pejsek:<br>HD Dysplasie kyčelních kloubů &#8211; A<br>PLL Primární luxace čočky &#8211; carrier (beru pouze nevěsty s PLL clear 🙂 )<br>NCL/CCL Neuronální ceroidní lipofuscinóza &#8211; clear<br>a další nepovinná vyšetření<br>PL Luxace čéšky (patelly) &#8211; 0/0<br>ED Dysplazie loketních kloubů &#8211; 0/0<br>OCD Osteochondróza ramen &#8211; clear/clear<br>PRA3 Progresivní retinální atrofie TT &#8211; clear<br>PRA-RCD4 Progresivní retinální atrofie typ 4 &#8211; clear<br>PRA-PRCD Progresivní retinální atrofie &#8211; clear<br>DM Degenerativní myelopatie &#8211; clear<br>PD Hypofyzární dwarfismus &#8211; clear<br>Lokus B &#8211; nenesu vlohu pro hnědou barvu, takže štěňátka po mě nebudou hnědá</p>



<p>Na webu našeho klubu (Tibetan Terrier Club České republiky) mám také svoji <a href="https://www.ttc-cz.com/products/im-chi-od-vilzonky/" target="_blank" rel="noreferrer noopener">stránku</a>.</p>

<p>C.I.B. Im-chi od Vilzonky Narodil jsem se 19.1.2022 úžasné mamince O-Yo Sunayana od Vilzonky. Můj tatínek Drakzing&#8217;s Designer pochází ze Švédska a žije v Maďarsku. S paničkou jezdím často na výstavy a jako dospělákovi se mi podařilo získat tituly:C.I.B. &#8211; Mezinárodní šampion krásyGrandšampion ČeskaŠampion Francie, Chorvatska, Lucemburska, Maďarska, Německa, Polska, Rakouska, Rumunska, Slovenska, Slovinska a [&hellip;]</p>
